d w.
3
Suppose 5*g - 25 = 5*u, 2*g - 44 = -2*g - 4*u. Calculate the greatest common divisor of g and 3.
1
Suppose -9*h + 107 + 649 = 0. Calculate the greatest common divisor of 63 and h.
21
Let h(k) = 27*k - 264. Let b be h(17). What is the highest common divisor of b and 15?
15
Suppose -2*u - 4 = -3*u, -5*j = 2*u - 13. Let o be 2 + -4 - j - -31. Suppose 2*b + 4*y = -0*y + o, 16 = 4*y. What is the greatest common divisor of 48 and b?
6
Suppose -50 = 11*j - 6*j. Let m be (-124)/j - (-18)/30. Calculate the highest common divisor of m and 13.
13
Let r = -1381 + 3064. What is the greatest common divisor of 33 and r?
33
Suppose -326 - 3829 = -5*q. What is the greatest common factor of q and 3?
3
Suppose 53*s + 255 = 68*s. What is the greatest common factor of 187 and s?
17
Let q(o) = 112*o - 1. Let g be q(1). Suppose 14*f - 888 = -10*f. Calculate the greatest common factor of g and f.
37
Let j = 427 + -407. What is the highest common divisor of j and 40?
20
Let t be ((-5)/15)/((-6)/144). Calculate the highest common factor of t and 44.
4
Suppose -n + h - 2 = -11, -5 = 5*h. Suppose -m - 2*k + 44 = 0, -30 = -m + 2*k + 6. Calculate the greatest common divisor of m and n.
8
Let h(j) = 7*j**2 + 4*j + 5. Let r be h(4). Suppose -5*n - 2*m + 3 = 0, -4*n + 2*m + 3 = -3. Let q = n - -18. What is the highest common divisor of q and r?
19
Suppose -11*q - 4 = -7*q, 4*k - 4*q = 132. Calculate the highest common factor of k and 816.
16
Suppose 0 = 3*j - w - 14, 4 = 5*j - w - 18. Calculate the highest common divisor of j and 36.
4
Let g = 16 - 4. Suppose -16 = 7*j - 9*j. Calculate the highest common factor of g and j.
4
Let q = -3 - -20. Let g = 595 - 585. Let m = q - g. Calculate the greatest common factor of 56 and m.
7
Let s be (6/4)/(3/6). Suppose 4*u = s*o + 27, -2*u + 6*u + 8 = -4*o. Suppose -65 = -u*r + 2*g, 0*g = g + 1. Calculate the highest common divisor of 84 and r.
21
Let u = -998 + 1009. Calculate the greatest common factor of 209 and u.
11
Suppose -3*k - k = -96. Suppose -2*y + r = -2*r - 477, 5*y = -4*r + 1204. What is the greatest common divisor of k and y?
24
Let y(u) = u**3 - 14*u**2 + 19*u - 1. Let r be y(14). Let w = r + -169. Calculate the greatest common factor of w and 12.
12
Let j = -137 + 152. Calculate the highest common divisor of j and 15.
15
Suppose -5*s + 53 = -12. Calculate the greatest common factor of 1 and s.
1
Suppose -2*f + 5*d + 126 = 0, 3*f = -9*d + 5*d + 212. What is the greatest common factor of 119 and f?
17
Suppose 3*q = -q + 24. Let m = 3 + q. Calculate the highest common factor of m and 36.
9
Suppose -18 + 16 = -j. Suppose -j*l + f = -1 - 5, 4*f - 12 = -l. What is the greatest common factor of 2 and l?
2
Let m = 12 - -96. Suppose 5*u + 2*k - 108 = 0, -24 = -2*u + 58*k - 62*k. What is the highest common divisor of m and u?
12
Let y = -58 - -113. Suppose -y = -2*r - 39. Calculate the greatest common divisor of 24 and r.
8
Suppose 2*o = -0*o. Suppose o = 5*m - 15, 2*m - 21 = -f + 9. Suppose 5*n - 10 - 5 = 0. What is the highest common factor of f and n?
3
Let r(q) = 5*q**3 + 16*q + 6. Let l(h) = -6*h**3 - h**2 - 17*h - 5. Let d(k) = -6*l(k) - 7*r(k). Let y be d(-7). What is the highest common factor of y and 3?
3
Suppose 4*o = -o - j + 99, 101 = 5*o - j. Let t = 129 - 109. Calculate the highest common factor of t and o.
20
Let t be (-6)/4*(4 + (-1576)/12). Let l = -111 + t. What is the greatest common factor of 200 and l?
40
Let u(g) be the second derivative of g**3/3 + 5*g**2 + g. Let k be u(-8). Let m = 7 + k. What is the greatest common factor of m and 2?
1
Suppose 2*z + 11 = 2*n - 17, 0 = -z + 2. Suppose 5 + 1 = 3*j, 2*s = 3*j + n. Suppose 2*q + 0*q = 88. Calculate the greatest common divisor of s and q.
11
Suppose 5*v = -3*j + 84, 2*v = -j - 0*v + 28. Calculate the highest common divisor of j and 308.
28
Suppose 4*l + 3*k - 288 = 0, -2*k = -2*l + 6*l - 288. What is the greatest common factor of l and 324?
36
Suppose 0*g = -g + 4. Let c be -3*(10/9 + 6/(-54)) + 43. Calculate the highest common factor of g and c.
4
Let s(d) = -d**3 + 10*d**2 - 5*d + 26. Let x be s(6). What is the greatest common factor of 28 and x?
28
Suppose -12*k = -8*k + 4. Let x be (-29 + 25)/(k/4). What is the highest common factor of 56 and x?
8
Let h = -72 + 51. Let m = h + 46. What is the greatest common factor of m and 100?
25
Let b = 0 - -3. Suppose -135 - 36 = -30*p - 27*p. What is the greatest common divisor of p and b?
3
Suppose -22*c + 588 = 6*c. Calculate the greatest common factor of 483 and c.
21
Let l = 321 + -314. Let p be ((-24)/2)/((-6)/4). Let g = p + 41. What is the highest common divisor of l and g?
7
Let u = -123 + 222. Suppose 7*h + 16*h + 12*h - 315 = 0. Calculate the greatest common divisor of h and u.
9
Let m(r) = -3*r**3 - r**2 - 3*r - 2. Let d be m(-1). Let w be (-17)/(-34)*4*2*d. Calculate the highest common factor of 108 and w.
12
Let z be 400/2*(-34)/(-4). Let j = z + -885. Suppose 5*x + 3*o = 855, -5*x = -9*o + 4*o - j. What is the highest common factor of x and 24?
24
Suppose 14*j = -2*j + 1008. Let i be (-4)/2 - (-11 - 0). Suppose 0 = -t + i - 0. Calculate the greatest common divisor of j and t.
9
Suppose -7*n + 149 + 215 = 0. Let y(q) = q**2 + 6*q + 8. Let h be y(-6). Let o = h + 5. Calculate the greatest common divisor of o and n.
13
Let c = 98 + -89. Suppose 5*q + b - 293 = q, 0 = 5*b - 25. What is the highest common factor of c and q?
9
Let z = -52 - 16. Let n = 88 + z. What is the greatest common factor of n and 15?
5
Suppose -4 = f - 3*f. Suppose 5*n + f*g = 10 - 3, -4*n + 5*g = -32. Suppose 0 = -4*m - n*m + 77. What is the greatest common factor of 55 and m?
11
Suppose -5*o + 5*z + 440 = 0, -2*z + 105 = 2*o - 71. Let f = o + -24. Calculate the highest common factor of f and 8.
8
Suppose 0 = 14*x - 193 - 437. Calculate the greatest common factor of 60 and x.
15
Let n = -1749 + 3784. Calculate the highest common divisor of 22 and n.
11
Let r = -16 + 21. Let v be (-288)/(-80) - (-2)/r. Let h be (-10)/v*14/(-5). Calculate the highest common factor of 70 and h.
7
Let j = 19 + -7. Let r(k) = -k**2 + 12*k + 16. Let l be r(j). What is the highest common factor of 64 and l?
16
Suppose 16*u - 111 - 17 = 0. Let z(x) = -x**2 + 6*x + 17. Let c be z(u). Suppose -18 + 58 = 5*y. What is the greatest common factor of c and y?
1
Let j be 1*(-4)/8*-4. Let r(a) = -10*a + a**3 + 14 - 4 + 7*a**j + a. Let m be r(-8). What is the highest common divisor of 36 and m?
18
Let w(g) be the third derivative of 0*g + 0 - 1/6*g**4 + 4*g**2 + 1/2*g**3. Let z be w(-4). Calculate the greatest common divisor of 19 and z.
19
Let l = -115 - -167. Let h = -25 + l. Calculate the highest common factor of 3 and h.
3
Let u(k) = k**3 + 8*k**2 + 6*k + 1. Let r be u(-7). What is the greatest common factor of r and 36?
4
Suppose -3*v = 56 + 100. Let c = -34 - v. What is the greatest common factor of 24 and c?
6
Let k be (6 - 9)*(-10)/(-3). Let s be ((-68)/k)/((-9)/15 - -1). Calculate the greatest common factor of 17 and s.
17
Suppose -4*p = -6*p. Suppose p = 2*r - 15 + 5. Calculate the highest common factor of 25 and r.
5
Let f = -42 - -162. What is the highest common divisor of 30 and f?
30
Let p be (1 - (-3)/3) + 8. Let z = p + 5. What is the highest common factor of z and 15?
15
Let p be 7 - (2 + -8 - (-7 + 4)). Let f be 26 + (-5 - -2)/3. What is the highest common divisor of p and f?
5
Let b be (1 + -6)/((-2)/2). Let h = 159 + -22. Let c = h - 112. What is the highest common divisor of b and c?
5
Suppose 2*n - 114 = 3*w + 25, -4*n = -w - 273. What is the highest common divisor of 4 and n?
4
Let q(m) = m**3 - 10*m**2 + 9*m + 51. Let d be q(9). Calculate the greatest common factor of 102 and d.
51
Let k(p) = -42*p + 6. Let z be k(-3). Let s be -4 - (1 + -1)/4. Let x = 16 + s. What is the highest common divisor of z and x?
12
Let d be ((-180)/15)/((-6)/16). Let m be d/(-10)*(-20)/8. What is the greatest common factor of m and 24?
8
Let s = 62 + -34. Let t = -3476 - -3546. Calculate the highest common factor of t and s.
14
Suppose -3*m + 8 + 16 = 0. Suppose -2*i = -4*n + 2*n + m, 0 = 2*i + n - 7. What is the highest common factor of 5 and i?
1
Let i = 62 + 793. What is the highest common factor of i and 9?
9
Let p be -2 + (-2 - -49) - (4 - 6). Suppose -